2 - 46*k + 8. Let z(h) = 4*h**2 - 16*h + 3. Let q(a) = 6*o(a) - 17*z(a). Calculate q(-2).
-27
Let x = -3 - -1. Suppose 0 = 5*h - 4 - 6. Let f(u) = 1 + u + u**2 - h + 1 + 2. What is f(x)?
4
Let f(s) = -3*s + 4. Let w(d) = 7*d**2 - 66*d + 29. Let u be w(9). Give f(u).
-2
Suppose l + 3*j + 0*j = 42, -3*l + j + 76 = 0. Suppose 0 = -11*q - l - 6. Let w(y) be the first derivative of y**2 + y + 3. What is w(q)?
-5
Let m(k) = -k**3 + k**2 + 4*k - 1. Let q(x) = x**2 + x - 6. Let j be q(5). Let y(w) = -j + 4*w + 22 - 3*w**2 + 4*w**2. Let f be y(-5). Calculate m(f).
-7
Suppose 4*t - 201 = 15. Let p(i) = 115 - i**2 - i + 6*i - 56 - t. Give p(6).
-1
Let v(g) = -3 + 7*g + 4467*g**3 - 4466*g**3 + 3*g**2 + 4*g**2 - 2*g. Determine v(-6).
3
Let r(f) = f**2 + 2*f + 2. Let o(m) = 5*m**2 + 12*m + 11. Let p(i) = o(i) - 6*r(i). Determine p(-3).
-10
Let h = 17 + -14. Let b(d) = -6 - 26*d - 4*d**2 + d**h + 0 + 28*d. What is b(4)?
2
Let j = 55 + -48. Let s(c) = 2*c + 14. Let w(t) = -t - 1. Let n(k) = s(k) + 3*w(k). Calculate n(j).
4
Let s(v) be the second derivative of -13*v**3/6 - 35*v**2/2 + 40*v - 11. What is s(-3)?
4
Let g(p) = p**2 - p - 2. Let z = 18 + -21. Let y be g(z). Let h(m) = -1 + 8 - m + 2 + y. Give h(0).
19
Let q(p) = 0*p - 85*p**3 + 16 + 86*p**3 - p. What is q(0)?
16
Let u(i) = 140*i - 47*i - 91*i. What is u(14)?
28
Let o(z) = 5*z - 4. Let c(f) = f**3 - 10*f**2 - 26*f + 22. Let m be c(12). Let b(v) = 20*v - 17. Let g(h) = m*b(h) + 9*o(h). What is g(-2)?
-12
Let p(r) be the second derivative of -r**4/12 - r**3 + 5*r**2/2 - 255*r. What is p(-5)?
10
Let w(o) be the second derivative of o**3/6 + 2*o**2 + o. Suppose -21*a = -j - 16*a - 2, 0 = 2*a + 2. What is w(j)?
-3
Let m(j) be the first derivative of -1/3*j**3 - 2*j + 0*j**2 + 1. Let v(t) = t**2 - 4*t - 5. Let p be v(5). Give m(p).
-2
Suppose 2*d + d + r = 0, 0 = r. Let b be (-8)/36 + 508/18. Suppose -b + 10 = 3*t - 3*a, d = 3*t - 4*a + 18. Let o(i) = -i**3 - 5*i**2 + 4*i - 6. Calculate o(t).
6
Let o(c) = -10 + 4*c + 3*c - 4*c. Let u be o(5). Let j(t) = t**3 - 6*t**2 + 4*t + 2. What is j(u)?
-3
Suppose -5*l + 4*y + 168 = 0, -5*l + 6*y + 165 = y. Let c = l + -41. Let t(x) be the third derivative of -x**5/60 - 5*x**4/24 - 5*x**3/6 - x**2. Determine t(c).
-5
Let z = -5 - -10. Let b(x) be the second derivative of -x**5/20 + 5*x**4/12 - x**3/6 + 7*x**2/2 + 343*x. What is b(z)?
2
Let y(u) = 2*u**3 - u**2 + u. Let s(d) = 5*d**3 - 14*d**2 + 16*d + 7. Let x(m) = -s(m) + 3*y(m). What is x(-12)?
5
Let v(r) = r + 2. Suppose -185*g = -188*g - 18. Give v(g).
-4
Suppose 5*b - o = 25 - 8, -o = -3. Let h(z) = -z**2 + z + 2. Give h(b).
-10
Let r(w) be the first derivative of w**4/4 + 3*w**3 + w**2/2 + 3. Suppose -11*x + 13*x + 12 = 0. Let q be (-15 - x) + (0 - 0). Determine r(q).
-9
Suppose -2 = -3*d + b, -10 = 11*d - 10*d - 3*b. Let p(u) = -u**2 - 5*u + 6. Give p(d).
-8
Let c = 19 + -9. Let z(a) = -c*a**2 + 0 - a + 0 + 0. Let l(u) = u - 1. Let q be l(2). Calculate z(q).
-11
Let p be ((-84)/(-70))/(1/5). Let w(h) = 5*h**3 - 2 + 5*h**3 + h - 2*h**3 - 7*h**3 - p*h**2. Determine w(6).
4
Suppose 0 = 15*m - 2*m - 26. Let t(a) = 5*a - 6 - 12*a**2 + 18*a**m - 7*a**2. Calculate t(6).
-12
Let u(t) = -7*t - 2. Let p = 24 - 27. Let n be (p/4)/(5/20). Determine u(n).
19
Let w(v) = v**3 + 2*v**2 - 4*v - 3. Suppose 20*k - t = 17*k - 16, t = k + 8. Calculate w(k).
-19
Let l(h) be the third derivative of 0*h + 0 + 1/120*h**6 + 1/3*h**3 - 16*h**2 - 5/24*h**4 + 1/20*h**5. What is l(-4)?
6
Let p(n) be the third derivative of n**4/8 + n**3/6 - 18*n**2. Let q(u) = -u + 4. Let l be q(6). What is p(l)?
-5
Let g(p) be the second derivative of p**4/6 + p**3/3 - 9*p. Let s be g(0). Let o(w) = w**2 + w + 5. Determine o(s).
5
Let i(a) = a**2 - 7*a + 8. Let o be 80/(-15)*(30/4)/(-5). Suppose -13*m + o*m - 16 = -b, -2*m = 4. Give i(b).
2
Let t(o) = 7*o**2 + 9*o - 1. Let y(a) = 20*a**2 + 27*a - 4. Let h(c) = 17*t(c) - 6*y(c). What is h(-10)?
-3
Let k = -1141 + 1138. Let t(d) = 7*d - 7. Give t(k).
-28
Let n(w) = -53 - 43 + w + w + 106. Give n(-8).
-6
Suppose -2*i - 63 = -5*b + 64, 2*b - 45 = -5*i. Let w = 29 - b. Suppose o + 4*r = r - 10, 0 = w*r + 16. Let v(f) = 2*f + 2. Give v(o).
6
Let h(l) be the second derivative of 0 - 1/3*l**3 - 1/2*l**2 - 4*l. Let q be h(-2). Let t(a) = -a**3 + 5*a**2 - 4*a + 3. Determine t(q).
9
Let v(b) = -3*b + 8. Let h(u) = u - 1. Let r(w) = -4*h(w) - v(w). Suppose -8*c + 6*c = -26. Let p = c - 19. Determine r(p).
2
Let m(s) be the third derivative of -s**6/120 - s**5/20 - s**4/12 - s**3/2 - 8*s**2 + 2. Let z be (-7)/3 - 22/33. Determine m(z).
3
Let h(r) = -r**2 - 8*r - 13. Let d be h(-6). Let l(z) be the first derivative of 0*z**3 - z**2 + 7/4*z**4 - z + 2. Determine l(d).
-6
Let r(i) be the second derivative of i**6/720 - i**5/24 - i**4 - 7*i. Let x(f) be the third derivative of r(f). What is x(-5)?
-10
Let u(o) be the first derivative of -o**3/3 - o**2/2 + 6*o + 2479. Let d(k) = -k**3 + 1. Let v be d(0). Suppose v = -m - 4. Determine u(m).
-14
Let q(j) be the third derivative of j**5/60 - j**4/6 + 468*j**2. What is q(2)?
-4
Let s(f) = 2*f**2 - 2*f + 2. Let h = 12 + -10. Let n be (8/12)/(h/6). What is s(n)?
6
Let h(n) = -n**3 - 6*n**2 + 9*n + 6. Suppose -3*i + 7 = -2*i. Suppose 0 = 3*j, -j = -f - 3*j - i. Calculate h(f).
-8
Suppose -i + 5*i - 820 = 0. Suppose -90 = 2*m + 2*u, -5*m - 3*u = -2*u + i. Let t be (6/15)/(4/m). Let p(x) = -x**2 - 5*x + 1. Calculate p(t).
5
Suppose 27 = -10*f + 177. Let i be ((-20)/f)/((-3)/(-9)). Let p(y) = -y**2 + 3*y + 6. Calculate p(i).
-22
Let t be (((-176)/20)/(-11))/((-1)/5). Let i(r) = r**3 + 3*r**2 - 8*r - 7. Calculate i(t).
9
Let b(f) = 3 + 25*f - 2 - 24*f. Let s = -33 - -25. Calculate b(s).
-7
Let x(j) = -10160 + 5076 + 5067 + 6*j. Determine x(5).
13
Let b(w) be the first derivative of w**4/4 - 5*w**3/3 - 4*w + 177. Calculate b(4).
-20
Let h(f) = 1 - 11*f**2 + 3*f + 5*f**2 - 4*f. Suppose 24*q + 8 = 32*q. Calculate h(q).
-6
Let o(h) be the third derivative of h**4/6 - h**3/3 + 7*h**2 - 9*h. Calculate o(5).
18
Let d(g) = 1004*g**2 - g**3 - 2 + 2 - 2001*g**2 + 1 - 2*g + 1002*g**2. Give d(4).
9
Suppose 3*f = -f. Let h(d) = -d. Let j(m) = -3*m + 1. Let p(l) = -2*h(l) + j(l). Calculate p(f).
1
Suppose a - 2 = 2*a + 5*b, -5*a = -2*b - 71. Let g be 32/(-208) + 54/a. Let s(m) = -m**3 + 4*m**2 - m**3 + m**3. Determine s(g).
0
Let x(w) = w - 7. Let z be (2/(-6))/((-2)/96). Let j = 21 - z. Calculate x(j).
-2
Let j(x) = -3*x**2 + x. Let v(o) = -o**3 - 2*o**2 + o + 2. Let i be v(-2). Suppose i = -r + 2 - 1. Give j(r).
-2
Suppose -9 = -7*j + 5. Suppose 6*q + 5 = -3*f + 4*q, 2*q + 1 = f. Let p be f/(3/24*j). Let y(v) = -v**2 - 7*v - 6. What is y(p)?
6
Let i(u) = u**3 + 4*u**2 + 2*u + 2. Let c be i(-4). Let p(q) = q + 1. Let w(r) = -3. Let l(m) = -m - 1. Let v be l(0). Let a(o) = v*w(o) + 2*p(o). Give a(c).
-7
Suppose 61*b + 13 = 48*b. Let l(a) = -21*a - 2. Determine l(b).
19
Let z(p) = 2*p**3 - 3*p**2 + 3*p - 2. Let n(t) = -7*t + 3 - 5 + 7*t + t. Let i be n(4). Calculate z(i).
8
Let a = 5 - 4. Let q(s) = 19*s**3 + 2*s**2 - 5. Let p(v) = -28*v**3 - 3*v**2 + 7. Let b(z) = 5*p(z) + 7*q(z). Determine b(a).
-8
Let t(d) = -11*d**2 + 36*d + 19 - 20*d - d**3 - 24*d - 6. Calculate t(-10).
-7
Let v(m) = -6 - 3 - 7 - 3*m + 2*m. Give v(-5).
-11
Let r(d) = d - 14. Suppose 4*j - 3*n = 84, 3*n + 76 = 4*j + 2*n. Suppose 86 = -j*o + 212. Calculate r(o).
-7
Suppose -2*h + 2*p + 8 = 0, 0*h - 4*p = -h + 16. Suppose -4*v + 0*v = h. Let q(i) = -14*i - 5 + 12*i**3 + 13*i + 1 - 13*i**3. Calculate q(v).
-4
Let t(f) = -f + 1. Let x(g) = -7*g - 4. Let b(r) = 3*t(r) + x(r). Let n(z) = -2*z**2 - 2*z + 1. Let m be n(-4). Let c = 22 + m. What is b(c)?
9
Let t(d) = -18*d - 1. Let g be (-8 - -5)*3/9. What is t(g)?
17
Suppose 2*b = -6*b - 56. Let c(w) = w + 8. Give c(b).
1
Suppose 0 = z - o - 4, -o + 3*o = -4*z + 4. Let x(m) = 2 - 4*m + m + 5*m - 5*m. Determine x(z).
-4
Let h(a) = -3 + 6*a - 1 - 3*a. Let k be (273/12)/((-1)/4). Let l = -88 - k. Determine h(l).
5
Let k(x) = x**2 + x - 41. Suppose 3*s - 3*y = -2*s, 5*y = -s. What is k(s)?
-41
Suppose 31 = 5*k - 2*k + 5*h, -3*h = -2*k - 11. Let q(c) = -1 - c**k + 1 + 1 - c - 3*c. Give q(-3).
4
Let g(p) = -p**2 + 11*p + 22. Let m = 43 + -30. Let x be g(m). Let r(y) = y**2 + 2*y + 5. De